?
545
What is the highest common factor of 343056 and 4453344?
336
Calculate the highest common factor of 60 and 560046735.
15
Calculate the highest common factor of 2954289 and 5577.
507
What is the greatest common divisor of 80438637 and 12?
3
Calculate the greatest common divisor of 13079676 and 152.
76
Calculate the greatest common factor of 104 and 162907225.
13
What is the greatest common divisor of 3237115 and 35?
35
What is the greatest common factor of 20022949 and 2297?
2297
Calculate the highest common divisor of 153283707 and 9.
9
Calculate the greatest common factor of 25 and 37195100.
25
Calculate the greatest common factor of 440672 and 184.
8
What is the highest common factor of 1653 and 57057?
57
What is the greatest common divisor of 12736 and 16496?
16
Calculate the highest common factor of 59798 and 20619.
29
Calculate the greatest common divisor of 216140 and 579940.
2140
What is the highest common factor of 305236656 and 54?
18
Calculate the greatest common factor of 1980 and 27751020.
660
What is the highest common factor of 15748 and 529666?
62
Calculate the greatest common divisor of 47858 and 138.
2
What is the highest common factor of 25059719 and 10856?
1357
What is the highest common divisor of 12 and 70445724?
12
What is the highest common factor of 2613599 and 3?
1
Calculate the greatest common factor of 1643084 and 11972.
292
Calculate the highest common divisor of 47253 and 946718.
829
What is the greatest common divisor of 55 and 39348364?
11
What is the highest common factor of 458812 and 95?
19
Calculate the greatest common factor of 80344 and 1630112.
968
Calculate the greatest common factor of 13 and 11338457.
13
Calculate the greatest common divisor of 796805 and 645.
5
What is the greatest common divisor of 25 and 74072575?
25
Calculate the greatest common divisor of 6298 and 8735393.
67
Calculate the highest common divisor of 220778 and 2712950.
3742
What is the highest common factor of 746511718 and 34?
34
What is the greatest common factor of 1249402 and 4774?
154
What is the highest common factor of 3072 and 26811392?
1024
Calculate the greatest common factor of 1022776787 and 14486.
7243
What is the greatest common factor of 2809799 and 11168?
349
What is the greatest common divisor of 7018360 and 116920?
3160
Calculate the highest common divisor of 1655 and 8925415.
1655
Calculate the greatest common divisor of 18250680 and 375.
15
Calculate the greatest common divisor of 100223634 and 714.
42
Calculate the highest common divisor of 15 and 25402479.
3
Calculate the highest common factor of 126 and 69647922.
18
Calculate the highest common divisor of 980 and 901529930.
490
What is the highest common divisor of 288724 and 912?
76
Calculate the highest common factor of 945 and 5517295.
35
Calculate the greatest common divisor of 551342 and 25498.
418
Calculate the highest common divisor of 1197984 and 32064.
96
What is the highest common divisor of 666 and 29922138?
18
What is the greatest common factor of 6 and 14690?
2
Calculate the highest common factor of 9143 and 6683.
41
Calculate the greatest common divisor of 531526869 and 27.
9
Calculate the highest common divisor of 20 and 37302836.
4
What is the highest common factor of 3696704 and 1416?
472
What is the highest common divisor of 47408052 and 961?
961
What is the highest common factor of 16416 and 28998432?
864
Calculate the greatest common factor of 40512488 and 536.
536
What is the greatest common factor of 36639981 and 63?
63
Calculate the highest common factor of 59506436 and 11.
11
What is the greatest common factor of 543921184 and 17592?
5864
What is the highest common factor of 54 and 76717827?
27
What is the greatest common factor of 51009585 and 7155?
795
What is the greatest common factor of 85952 and 615179?
17
What is the highest common factor of 1204485 and 354?
177
What is the greatest common divisor of 264716001 and 792?
99
Calculate the greatest common factor of 3512451 and 91321.
1363
What is the greatest common divisor of 5046 and 13?
1
What is the highest common divisor of 7182 and 3116?
38
Calculate the highest common factor of 537250 and 135625.
875
What is the greatest common divisor of 1852 and 2438228?
4
Calculate the highest common factor of 675 and 1324475.
25
What is the highest common factor of 782470 and 916740?
4630
Calculate the highest common divisor of 54 and 89789337.
27
Calculate the greatest common divisor of 42 and 25863663.
21
What is the highest common divisor of 391 and 1868725?
17
What is the greatest common factor of 10346 and 79562?
14
What is the greatest common divisor of 108 and 63842244?
12
What is the greatest common factor of 16 and 220402?
2
Calculate the highest common factor of 16297787 and 1804.
451
Calculate the highest common divisor of 213 and 300790151.
71
Calculate the greatest common factor of 266361804 and 25668.
828
What is the greatest common divisor of 8 and 3587684?
4
What is the greatest common divisor of 30 and 340435?
5
What is the greatest common factor of 509 and 43896160?
509
What is the highest common factor of 2945 and 102871795?
2945
Calculate the highest common factor of 147 and 37479687.
21
Calculate the highest common factor of 104264473 and 6128.
383
Calculate the highest common divisor of 949683330 and 180.
90
Calculate the highest common factor of 2035988 and 9854.
758
What is the greatest common factor of 4687 and 6954527?
109
Calculate the greatest common factor of 307961 and 1689.
563
Calculate the greatest common factor of 384059 and 467077.
403
Calculate the greatest common divisor of 198 and 7620606.
18
Calculate the highest common divisor of 94 and 3934793.
47
What is the greatest common divisor of 117708 and 1122?
102
Calculate the greatest common divisor of 209168738 and 353.
353
What is the greatest common divisor of 823452 and 15988?
28
Calculate the greatest common factor of 102101793 and 786.
393
Calculate the greatest common divisor of 1999753 and 609.
203
What is the highest common divisor of 1532 and 88345844?
1532
What is the highest common factor of 220 and 1651276?
44
What is the greatest common divisor of 117 and 13574067?
39
What is the highest common divisor of 2602192 and 598224?
1648
What is the highest common factor of 3234 and 3469158?
462
Calculate the greatest common factor of 1586 and 3026210.
122
Calculate the highest common factor of 10483 and 3995552.
11
What is the highest common factor of 246584 and 30368?
104
Calculate the greatest common factor of 2030790496 and 1568.
1568
Calculate the highest common divisor of 471596915 and 4505.
4505
What is the greatest common divisor of 2 and 4133158?
2
What is the greatest common divisor of 4413 and 155024277?
4413
What is the greatest common factor of 38812 and 281074?
626
What is the greatest common factor of 31830100 and 180?
20
What is the greatest common divisor of 60326 and 63363706?
1946
What is the greatest common factor of 71352 and 6567357?
2973
Calculate the highest common divisor of 672 and 52260.
12
What is the greatest common factor of 247 and 46420477?
19
What is the highest common divisor of 502 and 7723772?
502
Calculate the greatest common factor of 187957429 and 946.
473
What is the greatest common divisor of 31502 and 71497934?
1658
Calculate the greatest common factor of 14196108 and 3540.
708
Calculate the highest common factor of 33445139 and 182.
91
Calculate the greatest common divisor of 122 and 2215947.
61
What is the greatest common factor of 192640 and 7805?
35
Calculate the highest common factor of 32 and 12164640.
32
Calculate the greatest common divisor of 1495172 and 63.
7
What is the highest common factor of 5520 and 2256?
48
What is the highest common divisor of 4510 and 362522?
82
What is the highest common factor of 91 and 23450284?
13
Calculate the highest common divisor of 1398 and 12137902.
466
Calculate the highest common factor of 215986147 and 13.
13
Calculate the highest common factor of 3393091 and 104.
13
What is the greatest common divisor of 9035 and 7052721?
1807
Calculate the highest common factor of 30380 and 364994.
434
Calculate the highest common factor of 35488809 and 379287.
5661
Calculate the greatest common factor of 14164363 